mine f(49).
-24
Let n(i) = -7*i**3 + 492*i**2 + 352*i + 216. Determine n(71).
3
Let o(k) = -198*k**2 - 12*k - 14. Calculate o(-1).
-200
Let o(w) = -319*w + 1910. Give o(6).
-4
Let x(n) = 3*n**2 - 40*n + 39. Determine x(16).
167
Let j(z) = -z**3 - 27*z**2 - 3*z + 603. What is j(-26)?
5
Let f(y) = -2*y**3 + 2*y**2 + 27*y + 70. Give f(-3).
61
Let p(g) = 374*g + 12718. What is p(-34)?
2
Let o(f) = f**3 + 30*f**2 - 80*f - 1513. Determine o(-31).
6
Let x(w) = -107*w - 199. What is x(-2)?
15
Let s(w) = 300*w + 1485. Determine s(-5).
-15
Let j(p) = -p**3 - 30*p**2 - 70*p - 402. Calculate j(-28).
-10
Let q(o) = -148*o - 1211. Calculate q(-8).
-27
Let a(w) = -3*w**2 + 37*w + 222. Determine a(17).
-16
Let k(o) = o**3 + 2*o**2 + 165*o - 68. What is k(0)?
-68
Let d(m) = -m**3 - 349*m**2 - 282*m + 22977. Give d(-348).
9
Let p(y) = y**2 + 3*y - 63. What is p(10)?
67
Let r(f) = 139*f - 11408. Calculate r(82).
-10
Let d(m) = -m**3 + 70*m**2 - 969*m + 3. Determine d(51).
3
Let r(y) = -28*y + 295. Give r(8).
71
Let m(r) = 136*r + 5719. Calculate m(-42).
7
Let a(i) = -15*i + 281. Calculate a(16).
41
Let v(d) = d**2 + 151*d - 1283. What is v(8)?
-11
Let d(z) = -27*z**3 + 61*z**2 - 11*z - 4. Calculate d(2).
2
Let z(y) = 12*y**3 - 5*y**2 - 4*y + 12. Calculate z(2).
80
Let p(m) = m**2 - 177*m + 7224. What is p(113)?
-8
Let b(y) = -8*y**2 - 68*y + 5. Determine b(-3).
137
Let w(f) = 91*f**3 - 1. What is w(1)?
90
Let o(q) = 4*q**2 - 68*q + 60. Calculate o(16).
-4
Let m(l) = l**3 - 22*l**2 + 11*l + 476. Give m(22).
718
Let x(r) = -r**2 - 3*r + 335. Give x(-25).
-215
Let n(w) = -1122*w - 8977. What is n(-8)?
-1
Let i(h) = 11*h**2 + 288*h + 1363. Calculate i(-20).
3
Let w(k) = -2*k**3 - 75*k**2 - 104*k + 129. Calculate w(-36).
-15
Let l(s) = -38*s**3 + 77*s**2 + 18*s - 41. Give l(2).
-1
Let s(t) = -t**3 - t**2 + 13*t + 20. What is s(-4)?
16
Let q(n) = -10*n - 252. Determine q(-25).
-2
Let h(i) = -41*i + 472. Calculate h(11).
21
Let k(t) = -t**2 - 3297*t + 6591. Determine k(2).
-7
Let j(b) = b**2 + 193*b + 935. What is j(-5)?
-5
Let l(v) = v**2 - 132*v + 272. Give l(2).
12
Let l(q) = -23*q - 82. Calculate l(0).
-82
Let n(y) = -2607*y - 57356. Calculate n(-22).
-2
Let s(y) = y**2 + 127*y - 2280. Give s(16).
8
Let m(c) = -c**3 + 23*c**2 + 75*c - 21. Determine m(26).
-99
Let h(f) = f**2 + 19*f - 471. Give h(-35).
89
Let y(t) = -2*t**3 - 45*t**2 + 55*t + 705. Determine y(-23).
-31
Let t(p) = p**2 + 117*p + 1027. Give t(-9).
55
Let r(t) = -t**2 - 501*t + 65776. Determine r(108).
4
Let a(g) = g**2 + 30*g - 118. Calculate a(-32).
-54
Let f(y) = 380*y - 376. What is f(1)?
4
Let z(f) = -36*f**2 - 546*f - 84. Calculate z(-15).
6
Let a(u) = -5*u + 188. Calculate a(37).
3
Let c(j) = -263*j - 1788. Give c(-7).
53
Let y(h) = -486*h - 1939. Calculate y(-4).
5
Let d(a) = -a**3 + 12*a**2 - 23*a + 156. Determine d(11).
24
Let t(y) = -527*y - 6842. Determine t(-13).
9
Let o(v) = -72*v - 352. Give o(-5).
8
Let y(x) = -1869*x + 28041. What is y(15)?
6
Let u(n) = n**2 + 32*n + 117. Give u(-26).
-39
Let d(g) = 31*g + 747. Calculate d(-26).
-59
Let b(n) = 12*n**3 + n**2 + 8*n - 16. Give b(2).
100
Let a(f) = f**2 - 2*f - 51. Calculate a(5).
-36
Let m(q) = 42*q**3 + 2*q**2 - q - 1. Give m(1).
42
Let f(z) = -z**3 - 16*z**2 - z - 7. Determine f(-16).
9
Let g(u) = 3*u**2 + 80*u + 14. What is g(-28)?
126
Let r(j) = -11*j**2 - 105*j + 25. Determine r(-10).
-25
Let p(b) = -135*b + 26056. Determine p(193).
1
Let o(g) = 29*g - 442. Calculate o(2).
-384
Let s(k) = -18*k**2 + 2*k + 34. Give s(3).
-122
Let d(z) = -140*z - 16. What is d(1)?
-156
Let r(a) = a**3 - 28*a**2 + 24*a - 674. Calculate r(28).
-2
Let y(q) = -q**3 - 122*q**2 - 123*q - 242. What is y(-121)?
0
Let i(t) = -11*t**3 - 4*t**2 - 3*t - 9. What is i(-3)?
261
Let m(u) = 136*u + 106. Determine m(-2).
-166
Let j(h) = -h**2 - 18*h + 407. Calculate j(-24).
263
Let n(q) = q**3 - 4*q**2 + 27*q - 63. Calculate n(3).
9
Let c(i) = 276*i - 53. What is c(0)?
-53
Let n(b) = -b**2 + 125*b - 1730. What is n(16)?
14
Let k(f) = -10*f**2 - 31*f - 130. What is k(-4)?
-166
Let v(w) = w**3 - 51*w**2 + 100*w - 103. Calculate v(49).
-5
Let w(v) = 31*v + 173. Give w(-3).
80
Let l(x) = -3*x**2 + 267*x - 142. What is l(89)?
-142
Let j(f) = -57*f**2 - 72*f - 1. Determine j(-1).
14
Let u(c) = -13*c - 40. Determine u(-5).
25
Let h(w) = -15*w**2 + 218*w - 386. Give h(2).
-10
Let r(q) = 46*q - 1239. Calculate r(29).
95
Let r(z) = -81*z - 727. Give r(-9).
2
Let g(p) = 14*p**2 + 196*p - 23. Determine g(-14).
-23
Let n(r) = 3*r**3 + 199*r**2 - 133*r + 75. What is n(-67)?
8
Let m(c) = c**3 + 16*c**2 + 29*c + 1098. Calculate m(-18).
-72
Let q(b) = -45*b**2 - 494*b - 3. Calculate q(-11).
-14
Let j(z) = z**2 - 20*z + 8. Calculate j(7).
-83
Let h(l) = -70*l - 1763. Give h(-25).
-13
Let f(t) = -6*t**2 + 56*t + 389. What is f(-5)?
-41
Let p(v) = 44*v**3 + 7*v**2 + 7*v + 1. Calculate p(-1).
-43
Let g(j) = -9*j**2 - 70*j - 369. Give g(-6).
-273
Let v(l) = -60*l + 13. Give v(2).
-107
Let q(j) = -9*j - 217. Give q(-2).
-199
Let t(s) = s**3 - 7*s**2 - 56*s + 26. Give t(8).
-358
Let l(x) = -23*x**2 - 252*x + 8. Give l(-11).
-3
Let c(x) = -x**2 + 9*x + 161. Calculate c(-8).
25
Let i(h) = -2*h**2 - 266*h + 3214. Calculate i(11).
46
Let b(z) = -3*z**2 - 65*z + 341. What is b(4)?
33
Let u(o) = -5*o**2 - 16*o + 10. Calculate u(-2).
22
Let g(w) = 16*w**2 - 4*w + 8. What is g(2)?
64
Let b(x) = -43*x**2 + 98*x. Calculate b(3).
-93
Let n(f) = 8*f**3 - 6*f**2 - 3*f + 2. Calculate n(-1).
-9
Let n(d) = 5*d**2 + 238*d + 496. Determine n(-45).
-89
Let y(s) = -2*s**2 + 64*s + 95. Determine y(33).
29
Let g(k) = -2253*k - 13524. What is g(-6)?
-6
Let q(m) = -303*m + 250. Give q(-3).
1159
Let s(r) = r**2 - 57*r + 162. Determine s(3).
0
Let w(l) = -23*l + 3865. Give w(168).
1
Let x(w) = w**3 + 42*w**2 - 37*w + 237. Determine x(-43).
-21
Let d(x) = -25*x - 82. What is d(-3)?
-7
Let x(t) = -t**2 + 2*t + 37. Give x(15).
-158
Let m(w) = 226*w - 2911. Calculate m(13).
27
Let g(m) = -7*m**2 + 111*m - 65. What is g(14)?
117
Let l(u) = 11*u**2 + 56*u - 6. Calculate l(-4).
-54
Let q(w) = -2*w**3 - 63*w**2 + 48*w + 527. Determine q(-32).
15
Let p(o) = -o**3 - 61*o**2 + 536*o + 41184. Determine p(-58).
4
Let s(u) = -106*u + 671. What is s(7)?
-71
Let s(l) = -l**2 - 59*l - 832. Calculate s(-25).
18
Let j(m) = 2*m**2 - 18*m + 76. Calculate j(12).
148
Let t(j) = -217*j**2 - 233*j + 1. What is t(-1)?
17
Let l(f) = 4*f**2 + 112*f - 5296. Give l(-53).
4
Let m(t) = 93*t + 390. Calculate m(-4).
18
Let m(x) = x**3 - 14*x**2 - 50*x - 8. What is m(17)?
9
Let z(r) = -11*r**3 + 381*r**2 + 141*r - 50. Determine z(35).
-15
Let f(p) = -63*p + 244. Determine f(4).
-8
Let b(z) = -27*z - 1239. Give b(-43).
-78
Let z(r) = 5*r**3 - 68*r**2 + 18*r - 636. Calculate z(14).
8
Let w(u) = 24*u**2 + 125*u + 32. What is w(-5)?
7
Let w(p) = p**3 - p**2 - 45*p + 129. Give w(4).
-3
Let g(w) = 2*w**2 - 33*w - 10. Give g(15).
-55
Let g(r) = r**3 + 21*r**2 + 24*r + 299. What is g(-21)?
-205
Let v(a) = -a**3 - 33*a**2 - 91*a - 21. Calculate v(-30).
9
Let i(g) = 2*g**3 - 63*g**2 - 26*g - 185. Determine i(32).
7
Let w(x) = -2*x**3 - 49*x**2 - 12*x - 403. Determine w(-25).
522
Let s(r) = 4*r**2 + 328*r + 35. Give s(-82).
35
Let f(o) = 35*o + 827. Calculate f(-25).
-48
Let a(m) = -361*m - 6133. Give a(-17).
4
Let i(b) = b**2 - 30*b + 161. What is i(18)?
-55
Let a(b) = -173*b**2 - 17*b + 32. Give a(2).
-694
Let s(n) = -2*n**3 - 203*n**2 - 493*n + 196. Calculate s(-99).
-2
Let c(w) = -5*w**2 + 321*w + 267. Calculate c(65).
7
Let n(a) = 153*a + 1696. What is n(-11)?
13
Let n(j) = j**3 - 12*j**2 + 45*j - 131. Give n(5).
-81
Let l(k) = -19*k + 564. Give l(30).
-6
Let k(i) = -i**2 + 389*i + 1165. Determine k(-3).
-11
Let k(p) = 2*p**3 + 111*p**2 - 169*p + 110. Determine k(-57).
-4
Let o(z) = -4*z**2 - 68*z - 17. Give o(-17).
-17
Let l(z) = 48*z - 127. Give l(4).
65
Let u(o) = 13*o**2 + 14*o + 7. What is u(1)?
34
Let n(y) = 6*y**2 - 20*y + 31. Give n(12).
655
Let f(t) = -2*t**3 + 9*t**2 - 11*t + 69. Determine f(5).
-11
Let m(z) = 2*z**2 + 17*z + 26. Give m(-7).
5
Let j(k) = -k**2 - 4*k + 411. Determine j(-23).
-26
Let j(y) = 47*y + 1043. What is j(-26)?
-179
Let l(h) = 47*h**2 - 6817*h + 280. Determine l(145).
-10
Let o(d) = -6*d + 125. Determine o(34).
-79
Let k